{"id":9,"date":"2026-01-07T12:36:00","date_gmt":"2026-01-07T10:36:00","guid":{"rendered":"http:\/\/u36199.shellit.info\/?page_id=9"},"modified":"2026-01-27T20:48:58","modified_gmt":"2026-01-27T18:48:58","slug":"lakka","status":"publish","type":"page","link":"https:\/\/www.aamuhuoneistot.fi\/?page_id=9","title":{"rendered":"Lakka"},"content":{"rendered":"<p><img loading=\"lazy\" class=\"aligncenter wp-image-241 size-full\" src=\"http:\/\/www.aamuhuoneistot.fi\/wp-content\/uploads\/2014\/10\/lakka.jpg\" alt=\"lakka\" width=\"640\" height=\"128\" srcset=\"https:\/\/www.aamuhuoneistot.fi\/wp-content\/uploads\/2014\/10\/lakka.jpg 640w, https:\/\/www.aamuhuoneistot.fi\/wp-content\/uploads\/2014\/10\/lakka-300x60.jpg 300w\" sizes=\"(max-width: 640px) 100vw, 640px\" \/><\/p>\n<p><strong>Huoneisto Apartment Lakka, Juhanintie 2 A 3, 90 m\u00b2<\/strong><\/p>\n<ul>\n<li>4 huonetta, keitti\u00f6, oleskelutilat, 2 WC, suihku ja parveke<\/li>\n<li>makuutilat 6 hengelle, astiat ja ruuanlaittov\u00e4lineet 12 hengelle,<\/li>\n<li>mikroaaltouuni, kahvinkeitin, vedenkeitin, astianpesukone, pyykinpesukone, j\u00e4\u00e4kaappi-pakastin, silitysv\u00e4lineet, televisio, wifi<\/li>\n<li>l\u00e4hell\u00e4 satamaa, telakkaa ja Yyterin hiekkarantaa<\/li>\n<\/ul>\n<ul>\n<li><em>4 rooms, kitchen, living room, 2 WC, shower, balcony, \u00a06 beds, dishes and cooking equipments for 12 persons<\/em><\/li>\n<li><em>micro oven, coffee machine, water cooker, dish washer, \u00a0fridge, \u2028washing machine, tv and free wifi<\/em><\/li>\n<li><em>\u00a0near \u00a0Pori port, shipyard and Yyteri sandy beach<\/em><\/li>\n<\/ul>\n<p><a title=\"Lis\u00e4tiedot ja varaukset\" href=\"http:\/\/www.aamuhuoneistot.fi\/?page_id=31\"><strong>Pyyd\u00e4 tarjous huoneiston vuokrauksesta ! \u00a0<em>Please ask for an offer !<\/em><\/strong><\/a><\/p>\n<p>L\u00e4het\u00e4mme pyynn\u00f6st\u00e4 kuvia huoneistosta. \u00a0<em>We will send photos from apartment if needed<\/em><\/p>\n<p>+358 500 533 572 tai +358 400 533572 \u00a0Lis\u00e4tiedot ja varaukset: <em>More<\/em> <em>information and reservations:<\/em> varaukset@aamuhuoneistot.fi<\/p>\n<p>\u00a0<\/p>\n\n\n<p><\/p>\n","protected":false},"excerpt":{"rendered":"<p>Huoneisto Apartment Lakka, Juhanintie 2 A 3, 90 m\u00b2 4 huonetta, keitti\u00f6, oleskelutilat, 2 WC, suihku ja parveke makuutilat 6 hengelle, astiat ja ruuanlaittov\u00e4lineet 12 hengelle, mikroaaltouuni, kahvinkeitin, vedenkeitin, astianpesukone, pyykinpesukone, j\u00e4\u00e4kaappi-pakastin, silitysv\u00e4lineet, televisio, wifi l\u00e4hell\u00e4 satamaa, telakkaa ja Yyterin hiekkarantaa 4 rooms, kitchen, living room, 2 WC, shower, balcony, \u00a06 beds, dishes and cooking &hellip; <a href=\"https:\/\/www.aamuhuoneistot.fi\/?page_id=9\" class=\"more-link\">Jatka lukemista <span class=\"screen-reader-text\">Lakka<\/span> <span class=\"meta-nav\">&rarr;<\/span><\/a><\/p>\n","protected":false},"author":1,"featured_media":0,"parent":0,"menu_order":0,"comment_status":"closed","ping_status":"closed","template":"","meta":[],"_links":{"self":[{"href":"https:\/\/www.aamuhuoneistot.fi\/index.php?rest_route=\/wp\/v2\/pages\/9"}],"collection":[{"href":"https:\/\/www.aamuhuoneistot.fi\/index.php?rest_route=\/wp\/v2\/pages"}],"about":[{"href":"https:\/\/www.aamuhuoneistot.fi\/index.php?rest_route=\/wp\/v2\/types\/page"}],"author":[{"embeddable":true,"href":"https:\/\/www.aamuhuoneistot.fi\/index.php?rest_route=\/wp\/v2\/users\/1"}],"replies":[{"embeddable":true,"href":"https:\/\/www.aamuhuoneistot.fi\/index.php?rest_route=%2Fwp%2Fv2%2Fcomments&post=9"}],"version-history":[{"count":8,"href":"https:\/\/www.aamuhuoneistot.fi\/index.php?rest_route=\/wp\/v2\/pages\/9\/revisions"}],"predecessor-version":[{"id":574,"href":"https:\/\/www.aamuhuoneistot.fi\/index.php?rest_route=\/wp\/v2\/pages\/9\/revisions\/574"}],"wp:attachment":[{"href":"https:\/\/www.aamuhuoneistot.fi\/index.php?rest_route=%2Fwp%2Fv2%2Fmedia&parent=9"}],"curies":[{"name":"wp","href":"https:\/\/api.w.org\/{rel}","templated":true}]}}