{"id":7,"date":"2026-01-07T12:36:00","date_gmt":"2026-01-07T10:36:00","guid":{"rendered":"http:\/\/u36199.shellit.info\/?page_id=7"},"modified":"2026-01-27T19:59:22","modified_gmt":"2026-01-27T17:59:22","slug":"mansikka","status":"publish","type":"page","link":"https:\/\/www.aamuhuoneistot.fi\/?page_id=7","title":{"rendered":"Mansikka"},"content":{"rendered":"<p><img loading=\"lazy\" class=\"aligncenter wp-image-102 size-full\" src=\"http:\/\/u36199.shellit.info\/wp-content\/uploads\/2014\/10\/mansikka.jpg\" alt=\"mansikka\" width=\"1000\" height=\"200\" srcset=\"https:\/\/www.aamuhuoneistot.fi\/wp-content\/uploads\/2014\/10\/mansikka.jpg 1000w, https:\/\/www.aamuhuoneistot.fi\/wp-content\/uploads\/2014\/10\/mansikka-300x60.jpg 300w\" sizes=\"(max-width: 1000px) 100vw, 1000px\" \/><\/p>\n<p><strong>Huoneisto Apartment \u00a0Mansikka, \u00a0Juhanintie 2 A 1, 75m\u00b2<\/strong><\/p>\n<ul>\n<li>2 huonetta, keitti\u00f6, oleskelutilat, 2 WC, suihku, maaterassi makuutilat 6 hengelle, astiat ja ruuanlaittov\u00e4lineet 12 hengelle<\/li>\n<li>mikroaaltouuni, kahvinkeitin, vedenkeitin, astianpesukone, j\u00e4\u00e4kaappi-\u2028\u00a0\u00a0pakastin, pyykinpesukone, silitysv\u00e4lineet, televisio ja wifi<\/li>\n<li>soveltuu hyvin my\u00f6s liikuntarajoitteisille<\/li>\n<li>\u00a0l\u00e4hell\u00e4 satamaa, telakkaa ja Yyterin hiekkarantaa<\/li>\n<\/ul>\n<ul style=\"text-align: left;\">\n<li><em>2 rooms, kitchen, living room, 2 WC, shower, terrace, \u00a06 beds, dishes and cooking equipments for 12 persons<\/em><\/li>\n<li><em>micro oven, coffee machine, water cooker, dish washer, \u00a0fridge, \u2028washing machine, tv and free wifi<\/em><\/li>\n<li><em>suitable for disabled persons<\/em><\/li>\n<li><em>\u00a0near \u00a0Pori port, shipyard and Yyteri sandy beach<\/em><\/li>\n<\/ul>\n<p><a title=\"Lis\u00e4tiedot ja varaukset\" href=\"http:\/\/www.aamuhuoneistot.fi\/?page_id=31\"><strong>Pyyd\u00e4 tarjous huoneiston vuokrauksesta ! \u00a0<em>Please ask for an offer !<\/em><\/strong><\/a><\/p>\n<p>L\u00e4het\u00e4mme pyynn\u00f6st\u00e4 kuvia huoneistosta. \u00a0<em>We will send photos from apartment if needed<\/em><\/p>\n<p>+358 500 533 572 tai +358 400 533572 \u00a0Lis\u00e4tiedot ja varaukset: <em>More<\/em> <em>information and reservations:<\/em> varaukset@aamuhuoneistot.fi<\/p>\n","protected":false},"excerpt":{"rendered":"<p>Huoneisto Apartment \u00a0Mansikka, \u00a0Juhanintie 2 A 1, 75m\u00b2 2 huonetta, keitti\u00f6, oleskelutilat, 2 WC, suihku, maaterassi makuutilat 6 hengelle, astiat ja ruuanlaittov\u00e4lineet 12 hengelle mikroaaltouuni, kahvinkeitin, vedenkeitin, astianpesukone, j\u00e4\u00e4kaappi-\u2028\u00a0\u00a0pakastin, pyykinpesukone, silitysv\u00e4lineet, televisio ja wifi soveltuu hyvin my\u00f6s liikuntarajoitteisille \u00a0l\u00e4hell\u00e4 satamaa, telakkaa ja Yyterin hiekkarantaa 2 rooms, kitchen, living room, 2 WC, shower, terrace, \u00a06 beds, &hellip; <a href=\"https:\/\/www.aamuhuoneistot.fi\/?page_id=7\" class=\"more-link\">Jatka lukemista <span class=\"screen-reader-text\">Mansikka<\/span> <span class=\"meta-nav\">&rarr;<\/span><\/a><\/p>\n","protected":false},"author":1,"featured_media":0,"parent":0,"menu_order":0,"comment_status":"closed","ping_status":"closed","template":"","meta":[],"_links":{"self":[{"href":"https:\/\/www.aamuhuoneistot.fi\/index.php?rest_route=\/wp\/v2\/pages\/7"}],"collection":[{"href":"https:\/\/www.aamuhuoneistot.fi\/index.php?rest_route=\/wp\/v2\/pages"}],"about":[{"href":"https:\/\/www.aamuhuoneistot.fi\/index.php?rest_route=\/wp\/v2\/types\/page"}],"author":[{"embeddable":true,"href":"https:\/\/www.aamuhuoneistot.fi\/index.php?rest_route=\/wp\/v2\/users\/1"}],"replies":[{"embeddable":true,"href":"https:\/\/www.aamuhuoneistot.fi\/index.php?rest_route=%2Fwp%2Fv2%2Fcomments&post=7"}],"version-history":[{"count":8,"href":"https:\/\/www.aamuhuoneistot.fi\/index.php?rest_route=\/wp\/v2\/pages\/7\/revisions"}],"predecessor-version":[{"id":545,"href":"https:\/\/www.aamuhuoneistot.fi\/index.php?rest_route=\/wp\/v2\/pages\/7\/revisions\/545"}],"wp:attachment":[{"href":"https:\/\/www.aamuhuoneistot.fi\/index.php?rest_route=%2Fwp%2Fv2%2Fmedia&parent=7"}],"curies":[{"name":"wp","href":"https:\/\/api.w.org\/{rel}","templated":true}]}}