{"id":4,"date":"2026-01-07T12:26:00","date_gmt":"2026-01-07T10:26:00","guid":{"rendered":"http:\/\/u36199.shellit.info\/?page_id=4"},"modified":"2026-01-27T21:45:42","modified_gmt":"2026-01-27T19:45:42","slug":"uusimme-sivustoa","status":"publish","type":"page","link":"https:\/\/www.aamuhuoneistot.fi\/","title":{"rendered":""},"content":{"rendered":"\n<p><strong>AAMUHUONEISTOT  YYTERISS\u00c4 <\/strong><\/p>\n\n\n\n<p><em><strong>MORNING<\/strong> <strong>APARTMENTS IN <\/strong><\/em><strong><em>YYTERI<\/em><\/strong><\/p>\n\n\n\n<h2><\/h2>\n\n\n\n<p>Aamuhuoneistot Yyteriss\u00e4 tarjoavat majoitusta mukavissa    1 &#8211; 4 huoneen kalustetuissa kerrostalohuoneistoissa Juhanintiell\u00e4 l\u00e4hell\u00e4 satamaa, telakkaa ja Yyterin hiekkarantoja.  Huoneistot soveltuvat ty\u00f6- tai loma-asumiseen lyhyemm\u00e4ksi tai pidemm\u00e4ksi aikaa.<\/p>\n\n\n\n<p><em>Morning apartments in Yyteri offer nice living in 1 &#8211; 4 rooms furnished apartments in Juhanintie near Port of Pori , shipyard and Yyteri beach.  Very suitable for workers or for holidays for a shorter or longer time<\/em>.<\/p>\n\n\n\n<p><\/p>\n\n\n\n<figure class=\"wp-block-image size-large\"><a href=\"https:\/\/www.aamuhuoneistot.fi\/wp-content\/uploads\/2026\/01\/9086E993-806F-4267-B423-BA630FCB1574_1_102_o.jpeg\"><img loading=\"lazy\" width=\"1024\" height=\"768\" src=\"https:\/\/www.aamuhuoneistot.fi\/wp-content\/uploads\/2026\/01\/9086E993-806F-4267-B423-BA630FCB1574_1_102_o-1024x768.jpeg\" alt=\"\" class=\"wp-image-524\" srcset=\"https:\/\/www.aamuhuoneistot.fi\/wp-content\/uploads\/2026\/01\/9086E993-806F-4267-B423-BA630FCB1574_1_102_o-1024x768.jpeg 1024w, https:\/\/www.aamuhuoneistot.fi\/wp-content\/uploads\/2026\/01\/9086E993-806F-4267-B423-BA630FCB1574_1_102_o-300x225.jpeg 300w, https:\/\/www.aamuhuoneistot.fi\/wp-content\/uploads\/2026\/01\/9086E993-806F-4267-B423-BA630FCB1574_1_102_o-768x576.jpeg 768w, https:\/\/www.aamuhuoneistot.fi\/wp-content\/uploads\/2026\/01\/9086E993-806F-4267-B423-BA630FCB1574_1_102_o-1536x1152.jpeg 1536w, https:\/\/www.aamuhuoneistot.fi\/wp-content\/uploads\/2026\/01\/9086E993-806F-4267-B423-BA630FCB1574_1_102_o.jpeg 2048w\" sizes=\"(max-width: 1024px) 100vw, 1024px\" \/><\/a><\/figure>\n\n\n\n<p><\/p>\n\n\n\n<figure class=\"wp-container-2 wp-block-gallery-1 wp-block-gallery has-nested-images columns-default is-cropped\">\n<figure class=\"wp-block-image size-large\"><a href=\"https:\/\/www.aamuhuoneistot.fi\/wp-content\/uploads\/2026\/01\/IMG_7740-scaled.jpeg\"><img loading=\"lazy\" width=\"1024\" height=\"768\" data-id=\"529\"  src=\"https:\/\/www.aamuhuoneistot.fi\/wp-content\/uploads\/2026\/01\/IMG_7740-1024x768.jpeg\" alt=\"\" class=\"wp-image-529\" srcset=\"https:\/\/www.aamuhuoneistot.fi\/wp-content\/uploads\/2026\/01\/IMG_7740-1024x768.jpeg 1024w, https:\/\/www.aamuhuoneistot.fi\/wp-content\/uploads\/2026\/01\/IMG_7740-300x225.jpeg 300w, https:\/\/www.aamuhuoneistot.fi\/wp-content\/uploads\/2026\/01\/IMG_7740-768x576.jpeg 768w, https:\/\/www.aamuhuoneistot.fi\/wp-content\/uploads\/2026\/01\/IMG_7740-1536x1152.jpeg 1536w, https:\/\/www.aamuhuoneistot.fi\/wp-content\/uploads\/2026\/01\/IMG_7740-2048x1536.jpeg 2048w\" sizes=\"(max-width: 1024px) 100vw, 1024px\" \/><\/a><\/figure>\n<\/figure>\n\n\n\n<div class=\"wp-block-file\"><a id=\"wp-block-file--media-58fc3dde-96d6-45fd-86e8-def60a01d6a5\" href=\"http:\/\/www.aamuhuoneistot.fi\/wp-content\/uploads\/2026\/01\/IMG_7738-scaled.jpeg\">IMG_7738<\/a><a href=\"http:\/\/www.aamuhuoneistot.fi\/wp-content\/uploads\/2026\/01\/IMG_7738-scaled.jpeg\" class=\"wp-block-file__button\" download aria-describedby=\"wp-block-file--media-58fc3dde-96d6-45fd-86e8-def60a01d6a5\">Lataa<\/a><\/div>\n\n\n\n<figure class=\"wp-block-image\"><img alt=\"\"\/><\/figure>\n","protected":false},"excerpt":{"rendered":"<p>AAMUHUONEISTOT YYTERISS\u00c4 MORNING APARTMENTS IN YYTERI Aamuhuoneistot Yyteriss\u00e4 tarjoavat majoitusta mukavissa 1 &#8211; 4 huoneen kalustetuissa kerrostalohuoneistoissa Juhanintiell\u00e4 l\u00e4hell\u00e4 satamaa, telakkaa ja Yyterin hiekkarantoja. Huoneistot soveltuvat ty\u00f6- tai loma-asumiseen lyhyemm\u00e4ksi tai pidemm\u00e4ksi aikaa. Morning apartments in Yyteri offer nice living in 1 &#8211; 4 rooms furnished apartments in Juhanintie near Port of Pori , shipyard &hellip; <a href=\"https:\/\/www.aamuhuoneistot.fi\/\" class=\"more-link\">Jatka lukemista <span class=\"screen-reader-text\"><\/span> <span class=\"meta-nav\">&rarr;<\/span><\/a><\/p>\n","protected":false},"author":1,"featured_media":0,"parent":0,"menu_order":0,"comment_status":"closed","ping_status":"closed","template":"","meta":[],"_links":{"self":[{"href":"https:\/\/www.aamuhuoneistot.fi\/index.php?rest_route=\/wp\/v2\/pages\/4"}],"collection":[{"href":"https:\/\/www.aamuhuoneistot.fi\/index.php?rest_route=\/wp\/v2\/pages"}],"about":[{"href":"https:\/\/www.aamuhuoneistot.fi\/index.php?rest_route=\/wp\/v2\/types\/page"}],"author":[{"embeddable":true,"href":"https:\/\/www.aamuhuoneistot.fi\/index.php?rest_route=\/wp\/v2\/users\/1"}],"replies":[{"embeddable":true,"href":"https:\/\/www.aamuhuoneistot.fi\/index.php?rest_route=%2Fwp%2Fv2%2Fcomments&post=4"}],"version-history":[{"count":78,"href":"https:\/\/www.aamuhuoneistot.fi\/index.php?rest_route=\/wp\/v2\/pages\/4\/revisions"}],"predecessor-version":[{"id":603,"href":"https:\/\/www.aamuhuoneistot.fi\/index.php?rest_route=\/wp\/v2\/pages\/4\/revisions\/603"}],"wp:attachment":[{"href":"https:\/\/www.aamuhuoneistot.fi\/index.php?rest_route=%2Fwp%2Fv2%2Fmedia&parent=4"}],"curies":[{"name":"wp","href":"https:\/\/api.w.org\/{rel}","templated":true}]}}