{"id":27,"date":"2026-01-07T12:38:00","date_gmt":"2026-01-07T10:38:00","guid":{"rendered":"http:\/\/u36199.shellit.info\/?page_id=27"},"modified":"2026-02-03T14:23:56","modified_gmt":"2026-02-03T12:23:56","slug":"ruusu","status":"publish","type":"page","link":"https:\/\/www.aamuhuoneistot.fi\/?page_id=27","title":{"rendered":"Ruusu"},"content":{"rendered":"\n<p><\/p>\n\n\n\n<figure class=\"wp-container-2 wp-block-gallery-1 wp-block-gallery has-nested-images columns-default is-cropped\">\n<figure class=\"wp-block-image size-large\"><a href=\"https:\/\/www.aamuhuoneistot.fi\/wp-content\/uploads\/2014\/10\/ruusu.jpg\"><img loading=\"lazy\" width=\"1000\" height=\"200\" data-id=\"368\"  src=\"http:\/\/www.aamuhuoneistot.fi\/wp-content\/uploads\/2014\/10\/ruusu.jpg\" alt=\"\" class=\"wp-image-368\" srcset=\"https:\/\/www.aamuhuoneistot.fi\/wp-content\/uploads\/2014\/10\/ruusu.jpg 1000w, https:\/\/www.aamuhuoneistot.fi\/wp-content\/uploads\/2014\/10\/ruusu-300x60.jpg 300w\" sizes=\"(max-width: 1000px) 100vw, 1000px\" \/><\/a><\/figure>\n<\/figure>\n\n\n\n<p><strong>Huoneisto Apartment Ruusu, 6 B 15, 55m2<\/strong><\/p>\n\n\n\n<ul><li>2 huonetta, keitti\u00f6, WC, suihku ja parveke<\/li><li>makuutilat 4 hengelle, astiat ja ruuanlaittov\u00e4lineet 8 hengelle,<\/li><li>astianpesukone, mikroaaltouuni, kahvinkeitin ja vedenkeitin, pyykinpesukone, j\u00e4\u00e4kaappi, silitysv\u00e4lineet, televisio ja wifi<\/li><li>l\u00e4hell\u00e4 satamaa, telakkaa ja Yyterin hiekkarantaa<\/li><\/ul>\n\n\n\n<ul><li><em>2 rooms, kitchen, &nbsp;WC, shower, balcony, &nbsp;4 beds, dishes and cooking equipments for &nbsp;8 persons<\/em><\/li><li><em>micro oven, coffee machine, water cooker, dish washer, &nbsp;fridge, \u2028washing machine, tv and free wifi<\/em><\/li><li><em>&nbsp;near &nbsp;Pori port, shipyard and Yyteri sandy beach<\/em><\/li><\/ul>\n\n\n\n<p><a href=\"http:\/\/www.aamuhuoneistot.fi\/?page_id=31\"><strong>Pyyd\u00e4 tarjous huoneiston vuokrauksesta ! &nbsp;<em>Please ask for an offer !<\/em><\/strong><\/a><\/p>\n\n\n\n<p>L\u00e4het\u00e4mme pyynn\u00f6st\u00e4 kuvia huoneistosta. &nbsp;<em>We will send photos from apartment if needed<\/em><\/p>\n\n\n\n<p>+358 500 533 572 tai +358 400 533572 &nbsp;Lis\u00e4tiedot ja varaukset:&nbsp;<em>More<\/em>&nbsp;<em>information and reservations:<\/em>&nbsp;varaukset@aamuhuoneistot.fi<\/p>\n","protected":false},"excerpt":{"rendered":"<p>Huoneisto Apartment Ruusu, 6 B 15, 55m2 2 huonetta, keitti\u00f6, WC, suihku ja parveke makuutilat 4 hengelle, astiat ja ruuanlaittov\u00e4lineet 8 hengelle, astianpesukone, mikroaaltouuni, kahvinkeitin ja vedenkeitin, pyykinpesukone, j\u00e4\u00e4kaappi, silitysv\u00e4lineet, televisio ja wifi l\u00e4hell\u00e4 satamaa, telakkaa ja Yyterin hiekkarantaa 2 rooms, kitchen, &nbsp;WC, shower, balcony, &nbsp;4 beds, dishes and cooking equipments for &nbsp;8 persons micro &hellip; <a href=\"https:\/\/www.aamuhuoneistot.fi\/?page_id=27\" class=\"more-link\">Jatka lukemista <span class=\"screen-reader-text\">Ruusu<\/span> <span class=\"meta-nav\">&rarr;<\/span><\/a><\/p>\n","protected":false},"author":1,"featured_media":0,"parent":0,"menu_order":0,"comment_status":"closed","ping_status":"closed","template":"","meta":[],"_links":{"self":[{"href":"https:\/\/www.aamuhuoneistot.fi\/index.php?rest_route=\/wp\/v2\/pages\/27"}],"collection":[{"href":"https:\/\/www.aamuhuoneistot.fi\/index.php?rest_route=\/wp\/v2\/pages"}],"about":[{"href":"https:\/\/www.aamuhuoneistot.fi\/index.php?rest_route=\/wp\/v2\/types\/page"}],"author":[{"embeddable":true,"href":"https:\/\/www.aamuhuoneistot.fi\/index.php?rest_route=\/wp\/v2\/users\/1"}],"replies":[{"embeddable":true,"href":"https:\/\/www.aamuhuoneistot.fi\/index.php?rest_route=%2Fwp%2Fv2%2Fcomments&post=27"}],"version-history":[{"count":5,"href":"https:\/\/www.aamuhuoneistot.fi\/index.php?rest_route=\/wp\/v2\/pages\/27\/revisions"}],"predecessor-version":[{"id":616,"href":"https:\/\/www.aamuhuoneistot.fi\/index.php?rest_route=\/wp\/v2\/pages\/27\/revisions\/616"}],"wp:attachment":[{"href":"https:\/\/www.aamuhuoneistot.fi\/index.php?rest_route=%2Fwp%2Fv2%2Fmedia&parent=27"}],"curies":[{"name":"wp","href":"https:\/\/api.w.org\/{rel}","templated":true}]}}